t common divisor of s and 28.
14
Suppose -53 + 4 = -150*r + 701. What is the highest common factor of r and 1575?
5
Suppose -175 - 545 = -4*p. Let b be (40/2)/(23/322) + -4. Let i = b - p. What is the greatest common factor of i and 12?
12
Let f = 51 - -244. Let u = 296 - f. What is the greatest common divisor of 13 and u?
1
Suppose -5*r = 198 - 78. Let z be (621/108)/((-2)/r). What is the greatest common factor of z and 23?
23
Suppose -40 = 2*z + 10. Let b = z - -124. Calculate the highest common divisor of b and 66.
33
Let h be (-2616)/2289*(-9338)/8. What is the greatest common factor of h and 690?
46
Let d be 3/(-1) - (-4 - 420/5). Let h = -1210 - -1227. What is the greatest common divisor of h and d?
17
Suppose -2*b = -j - 1493, -5*b + 65*j = 67*j - 3764. What is the highest common factor of 1290 and b?
30
Suppose 5*u + 3*f = 51, 1 + 14 = u + 3*f. Suppose 36 = u*b - 9. Calculate the greatest common divisor of 65 and b.
5
Suppose 178*z - 180*z + 104 = 0. Suppose -s - 5*c = -z, 3 = -2*c - 5. Calculate the highest common factor of 168 and s.
24
Let c be ((-19)/2)/((-2)/4). Let u(p) = 3*p**2 - 133*p - 602. Let n be u(51). Calculate the greatest common factor of c and n.
19
Let i(f) = -f**2 - 22*f - 15. Let r be i(-22). Let s be (-10)/(r/20 + 35/52). Calculate the highest common factor of 26 and s.
26
Let w be (12/21)/4 - 78816/(-224). Let x = 49 - 27. What is the greatest common divisor of w and x?
22
Suppose -5*a + 2*r - 25 = -0*r, 2*r = 10. Let v be (-53 - 3 - 4)/(a/(-2)). Let b = v + 57. What is the highest common divisor of b and 17?
17
Suppose -5169 = -96*w - 8*w + 9391. What is the highest common factor of w and 5404?
28
Suppose -11*x = 352 - 3498. Let r = x + -100. Suppose r = -3*k + 9*k. Calculate the greatest common factor of k and 62.
31
Let m = -3801 + 3913. What is the highest common factor of 266 and m?
14
Let n be -15*(1 + -2 + (-24)/120). Suppose 24*h - n*h = 1056. Calculate the highest common factor of 16 and h.
16
Suppose 76*g = 375 + 157. Calculate the highest common divisor of g and 448.
7
Let k = -521 - -542. Let j be 0/((-3)/(-3)) + 231. What is the greatest common factor of k and j?
21
Let w(g) = -20*g + 25. Let t be w(0). Let x be 307*1 - 5/(t/(-15)). Calculate the greatest common divisor of x and 10.
10
Suppose -2*d + 0*d = -30. Let y be (-1568714)/(-16198) + 24/(-13). What is the highest common divisor of d and y?
5
Let z(f) = f - 14. Let b = 5 + 49. Let s = b + -37. Let d be z(s). What is the greatest common factor of 6 and d?
3
Let k = -39 + 117. Let b(x) = -47*x + 3108. Let j be b(66). What is the highest common divisor of k and j?
6
Suppose -64*i + 13207 = -23768 - 41361. Calculate the greatest common divisor of i and 108.
36
Let d be ((-6)/12)/(1/2). Let g be (-1)/((4/(-8))/d). Let h be -1 - 284/8*g. Calculate the greatest common factor of 14 and h.
14
Let z be 4/(-18) - 40/(-18). Suppose -374 - 146 = -z*o. Let w be (22/(-4))/(-3 + o/88). Calculate the greatest common factor of 11 and w.
11
Suppose -m = -3*i + 4*i - 239, m - 4*i = 224. Let w = 335 - m. Suppose w + 45 = 8*o. What is the highest common divisor of 54 and o?
18
Let f be 93 + 3/5 + -10*32/(-50). What is the highest common factor of f and 1150?
50
Let l = 580 - 590. Let m be (7/(-6) - l/(-30))*-324. What is the highest common factor of 108 and m?
54
Suppose 0 = 3*p + r - 11706, 0 = -35*p + 33*p + 3*r + 7826. Calculate the highest common factor of p and 366.
122
Suppose -540*n = -584*n + 792. Calculate the greatest common divisor of n and 4338.
18
Suppose 0*k + g = 2*k + 717, 0 = k - 2*g + 363. Let s = -355 - k. What is the highest common factor of s and 14?
2
Suppose 167*c - 89*c = 83*c - 60. Calculate the highest common factor of 48 and c.
12
Let w(s) = -3*s**2 - 341*s - 321. Let f be w(-111). Let j = -1 + 1. Suppose -12*r - 9*r + f = j. What is the highest common factor of 6 and r?
3
Suppose 3*o - 12 = 0, -2*i = -8*o + 4*o - 944. Suppose 223*u = 216*u + 168. What is the greatest common divisor of i and u?
24
Let i(c) be the first derivative of -c**4/4 - c**3/3 - 3*c**2 - 2*c + 2. Let u be i(-5). Let k = -2053 + 2069. Calculate the greatest common factor of k and u.
16
Let c be (-2)/(-10) - (-19)/5. Suppose 24 = -c*b + 80. Let d(s) = -6*s**3 + 53*s**2 + 110*s - 5. Let n be d(-2). What is the greatest common divisor of n and b?
7
Let m be (1216/57 - 13)*111. What is the greatest common divisor of m and 200?
25
Let z be -129 + 60/(-18) + 1/3. Let l = -129 - z. Suppose l*w + 137 - 143 = 0. What is the greatest common divisor of 16 and w?
2
Let z = 29 - 84. Let f = z - -99. What is the greatest common divisor of f and 11?
11
Suppose 184 = 8*x + 168. Let t(j) = j**2 - 10*j + 15. Let n be t(9). Calculate the greatest common divisor of n and x.
2
Suppose -a - 3*j + 690 = 4*a, -4*a + 515 = -5*j. Let o = 152 - a. Calculate the highest common divisor of o and 153.
17
Let b(k) = -39*k**3 + 4*k**2 - 9*k - 1. Let v be b(-8). Suppose -4*g - g = -v. Suppose 0 = -5*m - 4*m + g. What is the highest common divisor of m and 41?
41
Let j = -373 + 77. Let u = j + 482. Calculate the greatest common factor of u and 62.
62
Let w(d) = -5 + 4*d**3 + 6*d + 6*d - 6*d - 2*d**2. Let t be w(1). Calculate the greatest common divisor of 21 and t.
3
Let l = -877 - -898. Let u = 12 - 7. Let o = 19 - u. Calculate the greatest common factor of o and l.
7
Let r be (-4)/(24/(-30))*21. Suppose 152*q = 145*q + r. Let y be 4/12 + (-132)/(-9). What is the greatest common divisor of q and y?
15
Let h be ((-848)/24 - 2)*(-9)/6. Suppose 0*c = -2*c + 16. Calculate the highest common divisor of h and c.
8
Let r(y) = -18*y + 252. Let s be r(0). Suppose 0 = -2*z - 3*g - 3 + 159, 5*z - 348 = 3*g. Calculate the highest common factor of z and s.
36
Suppose -5*t = 0, 154*d - 4*t = 157*d - 828. Calculate the highest common factor of d and 3772.
92
Suppose -4 = -15*q + 101. Let p(n) = 21*n - 100. Let g be p(q). Calculate the highest common divisor of 47 and g.
47
Let d(k) = 76*k - 227. Let i be d(3). What is the highest common factor of 98 and i?
1
Let w be (56/3)/7 + 1/3. What is the highest common divisor of w and 6129?
3
Suppose 31*a = 27*a + 4*m + 10740, 5*a - 13377 = -3*m. What is the highest common divisor of 329 and a?
47
Let g be (2 + -3)/1*(17 + -34). Suppose -14 - 156 = g*d. Let x be (-3 - 5/(d/8))*2. Calculate the greatest common divisor of 4 and x.
2
Suppose 0*x + 590 = -10*x. Let t = x + 80. What is the greatest common factor of 7 and t?
7
Let y(b) be the first derivative of 3*b**2/2 + 119*b - 11. Let x be y(0). What is the greatest common divisor of 17 and x?
17
Let t(n) = 7*n**2 + 4*n + 9. Let f be t(6). Suppose 562 = 5*s + 2*j, 2*j - 28 + 36 = 0. Calculate the highest common factor of s and f.
57
Let c be (-32)/304 + 156/38. Suppose -4*k + 224 = -c*x, -3*x = -k + 32 + 16. What is the greatest common divisor of k and 18?
6
Let s(c) = 2*c + 2*c - 1095 + 3*c + 1080 + 4*c**2. Let b be s(3). Calculate the highest common factor of 56 and b.
14
Let o be (-10)/(-3)*(-41)/((-1025)/30). What is the highest common divisor of o and 6124?
4
Let x(a) = 6*a**3 + 3*a**2 - 5*a + 1. Let p be x(-4). Let d = 74 - p. Let m = d - 237. What is the highest common divisor of m and 8?
8
Suppose 5*y + 133 = 2*z, 0 = -2*z + 5*y - 4*y + 129. Suppose z = 2*w - 62. What is the highest common factor of 147 and w?
21
Let i be 30160/156 - (-4)/(-12). Calculate the highest common factor of 6176 and i.
193
Let b = -186 - -180. Let a(g) be the third derivative of -2*g**4/3 - 7*g**3 + 2*g**2. Let k be a(b). Calculate the highest common factor of 135 and k.
27
Let p be (-14)/10 - (-139104)/1610. Calculate the highest common factor of 850 and p.
85
Suppose 125*z = 123*z - 4*y + 56, 5*z - 145 = -5*y. Calculate the greatest common divisor of z and 765.
15
Suppose 7*l + 18*l - 39*l + 15232 = 0. Calculate the highest common divisor of l and 36.
4
Let j = -1834 + 2737. What is the greatest common factor of 231 and j?
21
Let v = 8666 - 8641. What is the greatest common divisor of 640 and v?
5
Suppose 8 + 1 = c. Suppose 13*y - 56 = c*y - 4*b, b - 2 = 0. Let f = 48 - 47. Calculate the highest common factor of f and y.
1
Let i(m) = m**2 + 7*m + 2. Let g be i(-8). Let x(p) = -481*p**3 + 10*p**2 - 2*p - 3. Let s be x(-1). What is the g